ose 2*x - 4 = 12. Suppose -12 = o - 0*w + 4*w, -4*o = 5*w + 4. What is the tens digit of (0 - 0) + o + x?
1
Let t = 9 + 16. Suppose -13 + t = -2*o. What is the units digit of 10/(-15) - ((-1970)/o)/(-5)?
5
Let x = -112 - -122. Let q(w) = -8*w - 26. Let a be q(x). Let r = a - -226. What is the hundreds digit of r?
1
Suppose 0 = -4*q - 3*r + 812, -r + 0*r - 1015 = -5*q. Suppose 2*k - 57 = q. Let g = -88 + k. What is the tens digit of g?
4
Let c = 765 - 506. Let d be 3/6 + c/14. Let u = 62 + d. What is the units digit of u?
1
Suppose 0 = -u - 4*y + 1508 + 15124, 8 = 2*y. What is the thousands digit of u?
6
Suppose 13*w = -17*w + 177360. What is the hundreds digit of (120/(-160))/((-6)/w)?
7
Let x(m) = 6*m**2 + m + 1. Suppose 0 = -16*n + 1 - 17. Let r be x(n). Let u(z) = -z**3 + 13*z**2 + 2*z + 6. What is the tens digit of u(r)?
7
Suppose t = -4*z + 12, -3*z + 15 = t + 5. Suppose t*b = -4*c + 876, 5*c - 573 = 5*b + 472. What is the tens digit of c?
1
Let u(c) = -7 - 12 - 2*c**2 + 9 - 11*c. Let k be u(-4). What is the hundreds digit of 354/k - (22 + -27)?
1
Suppose -1705*n + 3434970 = -1635*n. What is the tens digit of n?
7
Let k(p) = -15*p + 6. Let z(h) = 31*h - 11. Let y(t) = -7*k(t) - 3*z(t). Let r be y(9). Let m = r - 54. What is the units digit of m?
5
Let w = 459 + -311. Suppose -p + 4*a = -120 - w, -2 = -2*a. Suppose -4*g + p = -x, -g = -2*x - 3*x - 49. What is the units digit of g?
9
Let j = -1010 - -1713. Suppose 0 = 3*o - u - 1292, -o + j = -u + 273. What is the hundreds digit of o?
4
Suppose l = -z + 18, 3*l + 49 = 6*l + 4*z. Suppose 7*u - 1199 + l = 0. What is the tens digit of u?
6
Let j(t) = -2*t**3 - 6*t**2 - 16*t + 4. Suppose -4*a = 2*r + 12, -a + 0*r = -5*r + 14. Let h be j(a). Suppose -164 = -3*x + h. What is the units digit of x?
8
Let j = 597 - 520. Let r = j + 85. What is the tens digit of r?
6
Let q(n) = -21*n**2 + 60*n - 165. Let f(i) = 4*i**2 - 12*i + 33. Let w(u) = 11*f(u) + 2*q(u). What is the hundreds digit of w(14)?
2
Let r(f) be the first derivative of -5*f**2 - 63*f - 303. What is the units digit of r(-11)?
7
Suppose 0 = 3*r - m - 7743, -7*m - 5184 = -2*r - 10*m. What is the units digit of r?
3
Let j be (-9)/(90/100) - 117. Suppose 5*h + 286 + 89 = 0. Let o = h - j. What is the units digit of o?
2
Suppose 6*i - 163466 = -29246. What is the ten thousands digit of i?
2
Let d = -61 + 67. What is the units digit of 7 - d - (-359)/1?
0
Let w(a) = -37*a + 1935. What is the hundreds digit of w(-54)?
9
Let j(r) = -r**2 + 14*r + 5. Let h be j(14). Suppose -4 = h*t - 14. Suppose -t*v + 525 = 3*f, -5*f + 0*v = 5*v - 875. What is the units digit of f?
5
Suppose -248 = 20*d - 28*d. Let v = d + 93. What is the tens digit of v?
2
Let a be 459/(-2) - ((-2)/(-2))/2. Let r = 158 + a. What is the tens digit of ((-22)/(-6) - 5)/(2/r)?
4
Suppose -6*r - 20757 = -43*r. What is the hundreds digit of (25/(-45))/(5/(-6))*r?
3
Suppose -64*d + 61*d + 1383 = -3*x, d - 2*x = 460. What is the tens digit of d?
6
Let y(l) = 5*l**3 + 8*l**2 + 13*l + 1. Let p be y(5). Let v = p + 213. What is the tens digit of v?
0
Let y = 11590 + -11574. What is the units digit of y?
6
Suppose 5*k + 5*r - 30 = 30, r + 58 = 4*k. Suppose k*j = 24*j - 3060. What is the hundreds digit of j?
3
Let h be ((5/(-20)*0)/(-2))/(-1). Suppose 17*y - 1108 - 7222 = h. What is the hundreds digit of y?
4
Suppose 451 = 2*i - 1333. Suppose -i = -5*c + 2*t + 673, -3*c - 4*t = -965. What is the hundreds digit of c?
3
Suppose 12*h - 2*g - 2660 = 11*h, 4*g = 3*h - 7980. What is the tens digit of h?
6
Suppose 111*p + 39974 = 133*p. What is the hundreds digit of p?
8
Let q be (-2)/3*3/(-1). Let w = 1262 - 1261. What is the units digit of w*(-3 + q)*-49?
9
Let i(a) = -9*a**3 - 7*a**2 + 22*a + 427. What is the tens digit of i(-12)?
0
What is the tens digit of (-9)/(-3)*(-367419)/(-117)?
2
Suppose -t - 3*v + 16 = -183, 3*t - 585 = 3*v. Let w(l) = l**2 - 38*l + 292. Let h be w(28). Suppose -h*j = -5*j - t. What is the tens digit of j?
2
Suppose 0 = -4*o - 12, -24*o - 26477 = -5*x - 25*o. What is the hundreds digit of x?
2
Suppose 632*q - 320*q - 16182192 = 0. What is the tens digit of q?
6
Let o(i) = 2*i**2 - 12*i - 30. Let w be o(9). Suppose w*x = 19*x + 2660. What is the units digit of x?
2
Suppose -3 = -2*f + 2*a - 7, a - 4 = 0. Suppose 4*v + 5*q = 400, -f*q + 219 - 21 = 2*v. What is the tens digit of v?
9
Let k(l) = 231*l + 1270. What is the thousands digit of k(13)?
4
Let a(j) = 438*j + 1883. What is the units digit of a(11)?
1
What is the hundreds digit of (-2 - (-2 + 144))/(14 + (-63181)/4508)?
4
Let k be (-651)/11 + (-16)/(-88). Let x = 51 + k. What is the tens digit of (-180)/x - 2/4?
2
Suppose -12 = 47*c - 106. Suppose 5*s = -c*o + 4*o + 4303, -5*s + 4279 = 4*o. What is the units digit of s?
9
Let h be (-5 + 84/(-6))*-83. Let x = 2463 - h. What is the tens digit of x?
8
Let t = 13653 + -2599. What is the hundreds digit of t?
0
Suppose -5*b - 96 = 7*b. What is the thousands digit of (11624/(b - 0))/(-1)?
1
Let i(b) = -5*b**2 - b - 4. Let y be i(3). Let u be (y/(-10))/(2/10*1). Suppose 4*g - 2*g = u. What is the units digit of g?
3
Suppose -11*j + 1 = 12. Let z be (j - 1) + -1 + 726. Suppose 561 + z = 12*k. What is the units digit of k?
7
Suppose 5*s = 2*s - 4*y + 1, s + 2*y - 1 = 0. What is the units digit of 490/4*2 - (-1 + s)?
7
Suppose -g = -2 - 1. Suppose -4*l + 232 = g*z, 2*l - 236 = -2*l - 2*z. Let v = l - -7. What is the tens digit of v?
6
Let a(x) = x**3 - 43*x**2 - 76*x + 14. What is the thousands digit of a(46)?
2
Let z be (0 - -1)*(29 - 13 - 9). What is the tens digit of 4648/36 - z/(-504)*-8?
2
Let m(i) = -i**3 + 39*i**2 + 2*i - 138. Let h be m(39). Let d be (-1)/(3 + -2) + 184. What is the units digit of 10/(-3 - d/h)?
0
Suppose -12 - 27 = -3*p. Suppose p = -2*d + 39. What is the units digit of 26/169 - (-1038)/d?
0
Let a = -647 - -660. Suppose -18*z = -a*z - 6395. What is the hundreds digit of z?
2
Let h(r) = 2415*r - 3. Let d be h(1). Suppose 4*n = 5*m - 545 - d, -n = 5*m - 2967. What is the units digit of m?
3
Suppose 37*x = -175*x + 10961036. What is the units digit of x?
3
Let g(v) = 2821*v**2 + 8*v - 9. Let n be g(1). Suppose -3*f + 2822 - 722 = -6*t, 4*f - n = -2*t. What is the tens digit of f?
0
Suppose -16406*m + 16407*m - 6197 = 0. What is the units digit of m?
7
Let y = -73 + 74. Let f be (-112 - y)/(-1) + -1. Suppose 608 = 4*h + f. What is the units digit of h?
4
Let w(a) = 17*a + 7. Let l be (0 - -5) + -3 - (1 + 3). Let m be w(l). Let y = 136 + m. What is the units digit of y?
9
Let x be -313 - (54/36)/(6/20). Let n = -114 - x. What is the tens digit of n?
0
Let a(j) = 5*j**2 - 2*j - 4. Let q = 0 - -19. Suppose -13*s + q*s - 12 = 0. What is the tens digit of a(s)?
1
Suppose 576 = 7*b - 1202. Let w = b + 98. What is the tens digit of w?
5
Let a(q) = q**2 + 6*q - 3. Let j be a(-6). What is the units digit of (-4)/(-8)*-3*82/j?
1
Suppose 0 = -5*p - 0*h + 3*h + 3989, -2*p + 1590 = -4*h. What is the tens digit of p?
9
Let j(t) = 26*t + 85. Suppose -x + 92 = 4*r + 3*x, -2*r + x + 40 = 0. What is the hundreds digit of j(r)?
6
Let s(b) = -b**2 + 11*b - 13. Let q be s(8). Let k = q + -7. Suppose -2*u + 32 = 4*w, w - 4 = -k*u + 4. What is the units digit of w?
8
Let i be (5/(-10))/(6/(-528)). Suppose 53*r = i*r + 1611. Suppose 2*z + 2*h - 3*h = 71, -3*h - r = -5*z. What is the tens digit of z?
3
Suppose -13*w = -17*w. Suppose w = -4*r - 2*i + 16, 2*i = 2*r - i. What is the tens digit of (38/r)/((-3)/(-9))?
3
Let i = 1326 - 943. Suppose 3*h = -3*c - 393, 0 = -5*h - c - i - 268. Let r = h - -252. What is the hundreds digit of r?
1
Suppose 121*a + 537951 - 1101926 = 1234085. What is the ten thousands digit of a?
1
Suppose -d = d + 2*d. What is the thousands digit of (-96)/(-160) + (12214/10 - d)?
1
Let d(m) = -m**2 - 12. Let p be d(0). Let l = 26 + p. Let k(x) = -x**3 + 15*x**2 - x - 7. What is the hundreds digit of k(l)?
1
Let b = -73 - -51. Let z be ((-11)/b)/((-1)/(-2)). What is the units digit of (-2 - 0 - z)*(22 - 42)?
0
Let g(o) = o**2 + 11. Let n(w) = 4*w**2 + w**3 - 7 + 0*w**3 - 2*w**3 + 3*w. Let j be n(4). What is the units digit of g(j)?
6
Let k(r) be the first derivative of r**4/4 - 41*r**3/3 + 12*r**2 - 158*r + 6. What is the tens digit of k(41)?
2
Let w(d) =